ommon factor of 36 and p.
36
Let s(v) = -v**2 - 7*v - 8. Let w be s(-5). Suppose w*x - 7*x = -560. What is the greatest common factor of x and 16?
16
Let i(t) = -14*t**3 + t**2 + 2*t + 1. Let v be i(-1). What is the highest common factor of v and 98?
14
Let w(g) = g**2 - 12*g + 4. Let m be w(13). What is the highest common factor of m and 51?
17
Let l(v) = 6*v + 3. Let u be l(2). Calculate the highest common factor of 75 and u.
15
Suppose -g = -2*n, -8*g = -3*g + 3*n + 13. Let o be (-3)/g*(-3 + 11). What is the greatest common factor of o and 84?
12
Let c(b) = 4*b - 3*b + 6 + 6*b + b**2. Let o be c(-7). What is the highest common divisor of 15 and o?
3
Suppose -11*s - 72 = -457. Calculate the greatest common divisor of 175 and s.
35
Suppose 6*a - 132 - 138 = 0. What is the highest common factor of a and 30?
15
Let u = -55 + 57. Calculate the highest common divisor of u and 2.
2
Suppose -2*p + 171 + 11 = 0. Let i = 71 + -58. What is the highest common factor of p and i?
13
Let h(s) = -s**3 - s**2 - 1. Let z = 14 + -16. Let l be h(z). Calculate the greatest common factor of l and 33.
3
Let x(r) = -r**3 + 3*r**2 + 6*r - 1. Let g be x(4). Let j = -4 + g. Suppose 4 = -w + j*w. What is the highest common divisor of 5 and w?
1
Suppose 2*t - 5*t - 54 = -5*b, -14 = -2*b + 5*t. Let d(l) = -3 + 3 + 12*l**2. Let o be d(-1). What is the highest common divisor of o and b?
12
Let t = -4 + 7. Let o(d) = d**3 - 4*d**2 + 3*d. Let w be o(t). Suppose 7*k - 4*h = 3*k + 56, w = k + 2*h + 1. What is the highest common factor of 18 and k?
9
Suppose 5*i = i + 48. Calculate the greatest common divisor of 6 and i.
6
Let u(y) = -3*y**2 + 2*y + 2*y**2 + 2*y**2. Let s be u(2). Let c be ((-24)/84)/((-2)/56). What is the greatest common divisor of s and c?
8
Suppose -65 = -4*y - 5*h, -3*y + 0*h + 35 = h. Let i = -2 + y. Calculate the greatest common factor of i and 16.
8
Suppose 0 = 11*r - 6*r - 320. Calculate the greatest common factor of r and 8.
8
Suppose 2*r - 162 = -3*t - 35, t = 4*r + 33. What is the highest common divisor of 328 and t?
41
Let r(s) = -s**2 - 4*s + 5. Let d be r(-4). Let q(z) = -z**2 + 6*z. Let x be q(d). Calculate the highest common factor of x and 45.
5
Suppose -3*i + 25 = 2*i. Suppose 68 = 3*g - 2*y, -154 = -i*g + y - 50. Calculate the greatest common factor of g and 4.
4
Let s(q) = 2*q - 5. Let a be s(4). Let x(i) = 4*i. Let b be x(a). Suppose 2*m + 8 = g, 8*m + b = 2*g + 3*m. Calculate the greatest common factor of g and 176.
16
Suppose 0 = 4*d - 20, 5*s + 29 = 2*s + 4*d. Let q be (s + (-20)/(-3))*3. What is the greatest common divisor of q and 66?
11
Suppose 21*d + 63 = 28*d. Let l be (-2)/6 - (-10)/3. What is the greatest common factor of d and l?
3
Let z(w) = w**3 + 4*w**2 - 7*w - 5. Let a be z(-5). Suppose 2*t + a*d + 40 = 5*t, 79 = 5*t + 4*d. What is the highest common factor of 15 and t?
15
Let m be 9/(6/2) + 4. What is the greatest common factor of m and 49?
7
Let a be (-1*(-3)/(-9))/((-2)/168). What is the greatest common divisor of 252 and a?
28
Suppose -9 = -g - 2*t, g = -t + 3*t + 1. Suppose 3*q + v = 106, -5*q - 6*v + v = -180. Calculate the greatest common divisor of g and q.
5
Let r(f) = -f**2 + 4*f + 1. Let i be r(3). Suppose 9 = i*c - 15. Suppose 2*q = -3*u + 26, 2*q + 28 - c = 3*u. Calculate the highest common divisor of u and 72.
8
Suppose d + 69 = 4*d. Calculate the highest common factor of 69 and d.
23
Suppose -7*p + 162 = -p. Calculate the greatest common divisor of p and 9.
9
Let m = 39 + -11. Calculate the highest common divisor of m and 70.
14
Let l = -7 - -12. Let g(t) = t**3 - 3*t**2 - 8*t + 5. Let d be g(l). What is the greatest common factor of d and 3?
3
Let g(p) = 3*p**2 + 7*p - 3. Let o be g(-6). What is the highest common factor of 9 and o?
9
Suppose -20 = 5*c, 0 = 4*b - 3*b + c. Calculate the highest common factor of b and 36.
4
Let f = -31 + 54. Let i = f - 13. Let m be (-20)/(-3)*24/i. Calculate the highest common factor of m and 8.
8
Suppose 683 = 5*j - 842. Let x be 1/(-5) + j/25. Let v = 108 - 24. What is the greatest common factor of x and v?
12
Suppose -n = 3*n - 100. Suppose n = -2*f + 7*f. Suppose 4*x - 18 = -2*a, 3*a - 2*a = f*x + 9. What is the highest common divisor of 63 and a?
9
Let f be ((-441)/12)/(1/(-12)). What is the highest common divisor of f and 49?
49
Let f = 249 - 71. Suppose f = 4*a - 462. What is the highest common divisor of a and 20?
20
Suppose 0 = 2*t + 4*k + 20, 0 = 2*t - 4*k + 7*k + 16. Let x be (-24)/18*165/t. What is the highest common factor of x and 10?
10
Suppose -2*y = 0, 5*y = -3*p + 2*y + 228. Suppose -9*h + p = -5*h. What is the highest common divisor of 171 and h?
19
Let i be (-2)/10 - 1982/(-10). Suppose -u = u + 2*t - 388, 0 = -u - 2*t + i. Let k = -86 + u. Calculate the greatest common factor of k and 13.
13
Let y be 13/3 + 1/(-3). Suppose -y*h = -4*u + 1 - 29, 0 = h + 5*u - 7. Let q = -11 + 18. What is the highest common factor of h and q?
7
Let g = -62 - -65. Calculate the greatest common divisor of g and 24.
3
Suppose -1 = 2*k - 13. What is the greatest common factor of 8 and k?
2
Let t = 551 - 275. Suppose -t = 7*s - 3*s. Let p be -1 - 1/(3/s). Calculate the highest common divisor of p and 11.
11
Suppose 3*o - 5*o = -i - 24, 2*o + i - 24 = 0. Let h = 7 + -4. Let x be 0 - (-3 - 33)/h. What is the highest common factor of o and x?
12
Let y be 2 - (-86)/7 - 12/42. Calculate the highest common factor of y and 14.
14
Suppose -2*m + 299 - 91 = 0. Suppose -4*f + m = -4*n, f + n - 50 = -4*n. Calculate the greatest common factor of 10 and f.
10
Suppose 0 = -3*u + 3*b - 8*b + 594, 2*u + 5*b = 391. What is the greatest common factor of 29 and u?
29
Let p(f) = 14*f. Let y be p(1). Let i be 9*8/90*5/2. What is the greatest common divisor of i and y?
2
Let s(o) = -1 + o + o - 3*o. Let r be s(-8). Let t = 27 - r. Calculate the greatest common divisor of t and 160.
20
Let l(k) = -k**2 + 8*k + 1. Let n be l(7). Suppose -3*i = -i + 2. Let d(b) = -88*b. Let y be d(i). What is the greatest common factor of y and n?
8
Let r be 1/(-1) + -5 + 2. Let p be r/(4/(-151)) - 1. What is the greatest common divisor of p and 15?
15
Let f = 4 - 4. Let d = -1 - f. Let j be 17 - -5 - (1 - d). What is the greatest common divisor of j and 60?
20
Let r be 3627/65 - (-4)/(-5). Calculate the highest common divisor of 11 and r.
11
Let h(n) = n**2 - n. Let f be h(3). Let w be (3/(-18)*2)/(6/(-162)). What is the highest common factor of w and f?
3
Let v(x) = -4*x**2 + x. Let o be v(2). Let q = o - -24. Suppose -26 - 60 = -l - 2*z, -2*z = q. What is the highest common factor of l and 24?
24
Suppose 0 = 4*v - 2*v - 2. What is the highest common divisor of 3 and v?
1
Suppose 6 + 9 = 3*v - q, 35 = 5*v - 5*q. Suppose v*a - 22 = -10. Calculate the greatest common factor of a and 24.
3
Let u be 10 + -8 - 3*-2. Let w be (-69)/2*u/(-3). What is the greatest common factor of 23 and w?
23
Let h(b) = 15*b + 1. Let f(a) = -a + 1. Let j be f(-7). Let w be h(j). Calculate the greatest common factor of 11 and w.
11
Let k(f) = 2*f + 73. Let p be k(-25). Calculate the greatest common divisor of p and 69.
23
Let j = -22 + 40. Let i be 80/(-45) - 4/j. Let v be (-1 - i)/((-2)/(-24)). What is the greatest common divisor of 6 and v?
6
Suppose 3*i - 5*w = -7, i + w - 3 = 8. Suppose 5*o + i = 1. Let a = o - -14. Calculate the greatest common factor of 39 and a.
13
Let o(h) = h**2 + 3*h. Let x be o(-4). Let c be (-50)/x*(-8)/(-10). Let s = c - -20. What is the highest common factor of s and 4?
2
Let n be -3 - -5 - (-57 + -1). Let w be (6*-3)/((-3)/2). What is the greatest common divisor of n and w?
12
Let g(j) = j + 11. Let w be g(-9). Suppose 3*k - 25 = -l, 4*l - w*k = 3*k + 32. What is the highest common factor of 39 and l?
13
Let m = 40 + 10. Let f = 82 + -57. Calculate the greatest common divisor of f and m.
25
Suppose 0 = 3*l - 0 - 6. Suppose 20 = -0*d + l*d. Suppose -154 = -20*h + 46. Calculate the highest common factor of h and d.
10
Let p = 1 - 1. Suppose 2*k - 4*k + 4 = p, 0 = d + 4*k - 9. Let v(j) = j**3 + 7*j**2 - 10*j - 12. Let c be v(-8). Calculate the highest common factor of d and c.
1
Let s = 35 - -1. What is the highest common factor of s and 4?
4
Let k = 30 + 193. Let z = -146 + k. Suppose -2 + 1 = p - 4*a, -p - 3